(f) = f**3 + 125*f**2 + 1918*f + 8855. Determine o(-108).
-1
Let o(i) = -2908*i - 2015244. Determine o(-693).
0
Let j(t) = 9*t**3 - 65*t**2 + 36*t - 172. Determine j(7).
-18
Let o(h) = 2*h**2 + 1505*h + 13397. Determine o(-9).
14
Let z(b) = -2449*b - 2997587. What is z(-1224)?
-11
Let b(v) = -60574*v + 14477190. What is b(239)?
4
Let q(c) = -5*c**3 - 15*c**2 + 15*c + 459. Determine q(0).
459
Let m(z) = -3165*z + 19704. Calculate m(6).
714
Let q(i) = 1008*i + 19236. Determine q(-19).
84
Let i(v) = -1553*v - 18431. Calculate i(-11).
-1348
Let m(p) = 3*p**3 + 163*p**2 - 1937*p - 100490. What is m(-55)?
-5
Let x(c) = 5240*c - 4802. Determine x(1).
438
Let i(t) = 8155*t + 47553. What is i(-6)?
-1377
Let z(f) = f**2 + 217*f - 8247. Calculate z(-250).
3
Let r(h) = h**3 - 154*h**2 - 21*h + 2217. Calculate r(154).
-1017
Let n(d) = -32*d**2 + 2379*d - 9721. Give n(70).
9
Let y(d) = 118*d**3 + 28148*d**2 + 15234*d + 466. Give y(-238).
-10
Let t(j) = 25*j**2 + 891*j - 1193. Determine t(-37).
65
Let g(n) = -389*n + 1323. Determine g(2).
545
Let k(x) = 332*x**2 - 59087*x - 1603. Calculate k(178).
-1
Let m(l) = -4*l**3 - 5*l**2 + 649*l + 1309. Calculate m(-2).
23
Let p(d) = d**3 + 1326*d**2 + 10588*d + 32. Give p(-8).
-320
Let x(b) = -51740*b - 3570079. Determine x(-69).
-19
Let j(k) = -35011*k - 245090. Give j(-7).
-13
Let m(x) = x**2 - 896*x + 142621. Determine m(207).
-2
Let u(v) = 8*v**2 - 422*v - 904. Determine u(-2).
-28
Let m(u) = -771*u**3 - 11*u**2 - 50*u + 60. What is m(1)?
-772
Let s(q) = q**2 - 2345*q - 42572. Determine s(-18).
-38
Let f(k) = -349*k - 33897. Give f(-97).
-44
Let i(z) = 936*z - 17108. Determine i(18).
-260
Let s(u) = -14*u**2 - 298*u - 1524. Give s(-19).
-916
Let p(a) = 221*a**2 - 430*a + 429. What is p(1)?
220
Let c(y) = 6*y**3 + 2*y**2 + 691*y - 1416. Calculate c(2).
22
Let d(r) = r**3 - 36*r**2 + 303*r - 810. What is d(12)?
-630
Let q(u) = 49*u - 1027. Calculate q(154).
6519
Let w(g) = -79234*g + 475404. Give w(6).
0
Let p(o) = o**3 + 236*o**2 - 7994*o - 3725. What is p(-266)?
-1
Let x(t) = 104613*t + 3347640. Determine x(-32).
24
Let q(c) = -58358*c + 817164. What is q(14)?
152
Let f(t) = t**3 - 25*t**2 + 113*t - 579. Give f(21).
30
Let b(p) = p**3 - 21*p**2 - 7814*p + 36284. Calculate b(-81).
-4
Let z(c) = 43*c**2 + 1414*c + 387. Give z(-33).
552
Let z(l) = 257*l - 38866. Calculate z(151).
-59
Let y(r) = -113485*r - 113466. Calculate y(-1).
19
Let b(d) = -3*d**3 + 1612*d**2 - 5335*d - 2671. What is b(534)?
-1
Let q(j) = -j**3 + 132*j**2 + 10311*j - 4852. Determine q(187).
10
Let q(v) = 2040*v + 10169. What is q(-5)?
-31
Let k(l) = -2*l**3 + 2*l**2 + 127*l - 866. Calculate k(6).
-464
Let d(q) = -22639*q - 22576. Calculate d(-1).
63
Let z(l) = -13725*l - 164645. Give z(-12).
55
Let p(t) = t**2 - 26428*t + 184884. Give p(7).
-63
Let w(r) = -1452*r - 36174. What is w(-25)?
126
Let b(s) = 4*s**2 + 1844*s + 28265. What is b(-445)?
-215
Let v(z) = -1282*z - 547066. Give v(-427).
348
Let w(y) = 2*y**3 + 10*y**2 - 230*y - 941. Calculate w(-4).
11
Let j(x) = 3779*x - 18934. Give j(5).
-39
Let m(d) = 100*d + 5892. What is m(-57)?
192
Let n(j) = -11*j**2 - 1002*j + 3140. What is n(-94)?
132
Let y(t) = -t**3 - 19*t**2 + 336*t + 1046. Determine y(13).
6
Let s(n) = -30*n**2 + 870*n + 47802. Give s(-28).
-78
Let w(b) = -1802*b - 97327. Determine w(-54).
-19
Let h(j) = -14*j**2 + 1100*j - 2193. Calculate h(2).
-49
Let h(p) = 9*p**2 + 856*p + 12722. Calculate h(-15).
1907
Let u(y) = -y**3 + 42*y**2 - 182*y + 7718. Determine u(42).
74
Let w(l) = 28*l**3 - 277*l**2 - 34*l - 17. Determine w(10).
-57
Let j(s) = s**2 + 6561*s + 143868. Give j(-22).
10
Let b(f) = -889*f - 88918. Give b(-100).
-18
Let r(v) = -v**3 + 30*v**2 - 169*v - 909. Calculate r(17).
-25
Let b(w) = -w**3 - 171*w**2 - 220*w - 9275. What is b(-170)?
-775
Let k(l) = 5*l**2 + 134*l - 6. Give k(-26).
-110
Let a(t) = -t**2 + 155*t + 10. Determine a(16).
2234
Let b(w) = -70*w**2 + 6721*w - 155. Give b(96).
-59
Let w(t) = t**2 - 21*t - 5181. What is w(-69)?
1029
Let z(o) = 411488*o + 30861606. What is z(-75)?
6
Let n(u) = 2*u**3 + u**2 - 326*u - 1586. Calculate n(-6).
-26
Let n(s) = -16*s**2 + 272*s - 1979. Calculate n(11).
-923
Let r(i) = 2998*i + 803468. What is r(-268)?
4
Let h(y) = -597*y**2 + 927734*y + 6204. Give h(1554).
-12
Let l(v) = 24791*v + 8032284. Calculate l(-324).
0
Let p(q) = q**3 - 48*q**2 - 220*q + 10559. Determine p(48).
-1
Let c(f) = 192368*f - 3077874. What is c(16)?
14
Let d(z) = -5825*z + 180608. Calculate d(31).
33
Let c(f) = 94*f**2 + 898*f - 176. Determine c(-10).
244
Let s(f) = -116*f**3 + 1702*f**2 + 569*f + 6. Determine s(15).
-9
Let i(j) = -18*j**2 - 91*j + 571. Determine i(6).
-623
Let t(w) = 1018*w + 18423. What is t(-18)?
99
Let f(j) = 47266*j - 47268. Determine f(1).
-2
Let f(o) = o**3 + 31*o**2 - 191*o + 61. Calculate f(-36).
457
Let g(q) = 18940*q - 5795633. Determine g(306).
7
Let x(v) = -v**2 - 26*v + 1661. What is x(29)?
66
Let z(p) = -6506*p + 156241. Give z(24).
97
Let p(c) = -c**3 + 729*c**2 + 2130*c - 488265. What is p(731)?
43
Let p(t) = -232*t**3 + 1393*t**2 - 23*t + 113. Give p(6).
11
Let n(p) = -3983*p + 44748. Determine n(11).
935
Let a(r) = 79*r**3 - r**2 - 666*r + 669. Calculate a(1).
81
Let w(s) = 5*s**3 - 285*s**2 + 332*s - 2888. What is w(56)?
24
Let m(y) = -102*y - 5489. Calculate m(-53).
-83
Let t(z) = 4*z**2 - 296*z - 4767. Calculate t(-16).
993
Let t(w) = -w**2 + 1376*w - 47080. Give t(35).
-145
Let k(a) = 31206*a + 3058190. Give k(-98).
2
Let b(n) = -12*n**3 + 374*n + 749. What is b(-2)?
97
Let d(i) = -i**3 - 194*i**2 + 4022*i + 473. What is d(19)?
-2
Let y(k) = -3619*k - 318475. Calculate y(-88).
-3
Let x(z) = -25*z**3 + 150*z**2 - 44*z + 194. What is x(5)?
599
Let i(o) = -o**3 - 19*o**2 - 14432*o - 289042. What is i(-20)?
-2
Let d(v) = 2818*v - 76089. Give d(27).
-3
Let p(y) = -5*y**3 - 1081*y**2 - 2*y + 46231. Determine p(-216).
7
Let q(d) = d**3 - 38*d**2 - 1027*d - 18. Determine q(-20).
-2678
Let j(m) = 42579*m + 3619214. What is j(-85)?
-1
Let f(w) = -38*w**2 - 405*w + 147. Give f(-11).
4
Let d(w) = 1953*w + 3287. Give d(-2).
-619
Let v(d) = 2*d**3 + 308*d**2 + 480*d + 26594. Calculate v(-153).
-28
Let a(g) = -g**3 + 412*g**2 - 2219*g + 74853. Calculate a(407).
-35
Let n(j) = 61*j - 3614. Give n(23).
-2211
Let j(d) = -d**3 - d**2 - 8687*d + 17386. Calculate j(2).
0
Let d(i) = -198169*i - 2576257. Calculate d(-13).
-60
Let t(y) = -474*y**2 + 2326*y - 13. Determine t(5).
-233
Let i(j) = -j**2 - 1053*j - 55864. Calculate i(-56).
-32
Let n(q) = q**3 - 38*q**2 + 254*q - 25. Calculate n(10).
-285
Let b(d) = 2750*d**2 + 2758*d. Determine b(-1).
-8
Let u(i) = 311*i**3 - 18660*i**2 + 7*i - 407. Calculate u(60).
13
Let j(u) = -27*u**3 + 20*u**2 + 8*u - 163. Determine j(3).
-688
Let b(g) = -6*g**3 - 245*g**2 + 64*g + 804. What is b(-41)?
-139
Let b(r) = -30*r**2 - 45*r + 251. Calculate b(5).
-724
Let p(w) = w**3 - 3*w**2 - 219*w - 258. What is p(-13)?
-115
Let i(h) = 49*h**2 + 5151*h + 5174. Calculate i(-1).
72
Let t(y) = 2*y**2 - 162*y - 6162. Calculate t(109).
-58
Let b(i) = 961*i + 28029. What is b(-29)?
160
Let n(q) = -2*q**2 - 132*q + 1210. What is n(12)?
-662
Let f(m) = -638*m - 16593. Give f(-33).
4461
Let m(v) = v**3 - 204*v**2 + 770*v + 5990. Determine m(200).
-10
Let d(c) = 7294*c**2 + 94835*c - 3. Determine d(-13).
-172
Let m(t) = -775*t**2 - 2332*t - 31. Determine m(-3).
-10
Let d(r) = 2*r**2 - 33*r + 129. Give d(7).
-4
Let r(w) = -w**3 - 78*w**2 - 614*w - 805. Give r(-7).
14
Let w(j) = 26*j**3 - 35*j**2 + 6*j - 1. Determine w(3).
404
Let n(j) = 144*j**3 + 1211*j**2 - 1220*j + 4. Calculate n(1).
139
Let s(j) = 2130*j + 183193. Calculate s(-86).
13
Let s(h) = -h**3 + 23*h**2 + 26*h + 60. Determine s(23).
658
Let n(y) = y**2 - 267*y + 13622. What is n(69)?
-40
Let x(j) = -j**3 - 67*j**2 + 367*j + 374. Give x(-72).
-130
Let h(r) = -34*r**2 - 831*r + 457. What is h(-25)?
-18
Let w(s) = s**3 + 22*s**2 - 2982*s - 60436. Calculate w(-20).
4
Let p(k) = k**2 + 1098*k + 105139. Give p(-106).
-13
Let h(l) = -l**2 - 623*l + 6946. What is h(11)?
-28
Let y(c) = -c**2 - 582*c - 24298. Calculate y(-45).
-133
Let s(y) = y**2 - 311*y + 7646. Determine s(284).
-22
Let c(h) = -3*h**3 + 10*h**2 - 10040*h + 20048. Calculate c(2).
-16
Let 